Suppose -n*y + z = -6. Is y a multiple of 11?
False
Let q(f) = 16*f + 7. Let t be (2/(-4))/(13/(-52)). Does 13 divide q(t)?
True
Suppose 0 = -5*a + 5*n + 5, 5*n + 1 = -5*a - 4. Suppose -5*q - 2*h + 92 + 324 = a, 2*h - 88 = -q. Does 41 divide q?
True
Suppose -99*p = -105*p + 2982. Is 31 a factor of p?
False
Suppose -2*a = -5*g + 51, -6*a - 57 = -5*g - 2*a. Suppose 0 = g*u - 69 - 471. Is 10 a factor of u?
True
Let n(p) = 20*p - 1. Let l = 20 - 14. Does 17 divide n(l)?
True
Is 48 a factor of (72*4/5)/((-19)/(-95))?
True
Let g(x) = -13*x**2 + 27*x - 19. Let w(u) = 7*u**2 - 14*u + 10. Let n be 1/(1 - (-10)/(-11)). Let j(t) = n*w(t) + 6*g(t). Does 2 divide j(7)?
False
Let b(s) = -s**2 + 18*s - 16. Let p be b(8). Let n = p - 12. Is n a multiple of 7?
False
Suppose 0 = -37*u + 38*u - 530. Does 53 divide u?
True
Let k(b) = 180*b - 540. Is k(7) a multiple of 90?
True
Suppose 5*p + 9*p - 8190 = 0. Is p a multiple of 39?
True
Suppose x + 3*f - 36 = 76, 0 = -5*f. Is 7 a factor of x?
True
Is 4 a factor of (10/3)/(3/(-81)*-9)?
False
Let f be (-21)/(-14)*4/(-3). Is 13 a factor of 141/2 - f/4?
False
Let l be 237/9 - (-3)/(-9). Suppose -6*s + 10 = -l. Suppose 3*c - 2*c - 3*h = 53, s = -2*h. Is 11 a factor of c?
True
Let i(p) be the first derivative of p**4/4 - 2*p**3/3 + 3*p**2/2 - 4*p - 3. Let w(z) = -3*z - 15. Let o be w(-6). Is 7 a factor of i(o)?
True
Suppose 2*i - 6*z - 2 = -2*z, 3 = 3*z. Suppose 0*p = i*p + 315. Let c = 153 + p. Is c a multiple of 31?
False
Let o(w) = -w**3 + 9*w**2 - 5*w + 9. Suppose -43 = -5*a - 4*z, 5*a - z + 10 = 43. Is 24 a factor of o(a)?
True
Suppose 46 - 1008 = -2*b. Suppose 3*j + h - 409 = 0, 0 = 5*j + h - 1166 + b. Is j a multiple of 25?
False
Let s(c) = c**3 + c**2 - 2*c. Let w be s(-3). Let x = 60 + w. Suppose 4*v - x = 48. Is v a multiple of 21?
False
Suppose -4*z - 2571 = -5*d, -6*d = -d + 2*z - 2547. Suppose 6*j + j = d. Does 15 divide j?
False
Suppose 4*a - 3*a + 33 = 0. Let i = a - -42. Let j = i - -36. Does 9 divide j?
True
Suppose -4*a - 833 = -5*v, a + 3*v + 212 = 8*v. Let g be a/21 + 3/(-21). Let m = 0 - g. Is m a multiple of 10?
True
Let k be 16*(-3)/(-6) - 2. Suppose k*b = b - 20. Does 18 divide (3/b)/(2/(-136))?
False
Let w(o) = -o**3 + 14*o**2 + 4*o + 14. Suppose 2*v + 32 = 4*v - 4*s, -59 = -4*v + 3*s. Is 14 a factor of w(v)?
True
Is (-3 + (-296)/(-16))*6 a multiple of 16?
False
Suppose 0*m + 12104 = 17*m. Is 74 a factor of m?
False
Let t(s) = -11*s + 20. Let p(q) = -21*q + 39. Let u(n) = 2*p(n) - 5*t(n). Does 7 divide u(6)?
True
Let h(j) be the first derivative of j**3 + 17*j**2/2 + 21*j - 12. Is h(-6) a multiple of 27?
True
Suppose 4*i - 260 = -3*l, 5*i - 3*l = 6*i - 65. Suppose -5*f + 0*f - 2*t = -346, -f = -t - i. Does 14 divide f?
False
Suppose 20*w - 3*x + 2761 = 21*w, w = 5*x + 2745. Does 19 divide w?
True
Suppose 0*c + c + 5*f = -13, -c + 5*f = -17. Suppose -c*i - 35 = -5*k, 3*i + 6 = -9. Suppose g = k + 37. Does 14 divide g?
True
Let p be (-102)/(-9)*(-5 - -8). Suppose 5*n = 25, -2*r + p = -n + 9. Is 9 a factor of r?
False
Let c(d) = 309*d**2 + 4*d - 2. Let g be c(1). Let y = g - 151. Is 17 a factor of y?
False
Let i(f) = 433*f**3 - 3*f + 2. Does 18 divide i(1)?
True
Let k = -9 - -14. Suppose -2*p + 43 = k*h, 0 = p - 2*h - 8. Is p a multiple of 5?
False
Let q = 28 - 32. Is 9 a factor of 2 + (45 - -3) + q?
False
Suppose 6*k - 13*k = 105. Let m(n) = 3 + 1 - n - 5*n. Does 19 divide m(k)?
False
Let x(d) = d**3 - 2*d**2 + 10*d + 7. Let r be x(5). Suppose -r = -9*y + 5*y. Does 5 divide y?
False
Does 37 divide 7/14 + (2988/8 - 4)?
True
Let p(z) = -z - 3. Let j = -2 - 3. Let g be p(j). Is 13 a factor of (-156)/32*g*-4?
True
Suppose 5*d = -0*c + 4*c + 3, 0 = -2*d + 6. Suppose -2*b + 254 = c*l, 4*l - 479 = -3*b - 142. Is l a multiple of 22?
True
Let y be (-5 - -11)/6 + 4/2. Suppose 0 = y*g - 56 + 20. Does 12 divide g?
True
Let y(j) = 10*j**2 - 5*j - 7. Let q(w) = -8*w**2 + 5*w + 6. Let p(v) = 6*q(v) + 5*y(v). Let c = -11 + 7. Does 13 divide p(c)?
True
Let j be 30/50*(-15)/(-6)*2. Suppose 2*f + 4*h - 26 = 0, -f = j*h - 12 + 1. Does 2 divide f?
False
Suppose -47*m + 8*m + 585 = 0. Let i(c) = 7*c + 5. Let x be i(-4). Let s = m - x. Is s a multiple of 19?
True
Suppose -20*k - 1169 = -25469. Is k a multiple of 76?
False
Let w(t) = 46*t - 47. Does 25 divide w(7)?
True
Let d(s) = -s**3 + 7*s**2 + 2*s + 1. Suppose 4*g = -r + 5*r - 32, 0 = -4*r + 5*g + 33. Is 5 a factor of d(r)?
True
Suppose -16*q + 5568 + 352 = 0. Does 32 divide q?
False
Suppose -3*y - 2*k = -4750, 0 = 2*y + k - 3*k - 3150. Does 97 divide y?
False
Suppose 3*a - 98 = 109. Let y = a - 9. Is 4 a factor of y?
True
Let n = -39 + 32. Let c(p) = -p**2 - 10*p - 2. Does 4 divide c(n)?
False
Let n be (2/4)/((-1)/(-36)). Let l = n - -54. Suppose -l = -5*v + v. Is 18 a factor of v?
True
Let d = -34 + 27. Let l(q) = -2*q**3 - 14*q**2 - 2*q + 5. Is 19 a factor of l(d)?
True
Suppose 5*g + 2*o = 18, -2*o + 12 = o. Suppose g*a = -3*a. Let r = 17 - a. Is r a multiple of 17?
True
Let s(g) = 136*g**2 - 1. Let c be s(1). Let j(x) = 3*x**3 - 4*x**2 + 1. Let o be j(4). Suppose 4*h - o = c. Does 22 divide h?
True
Let i(b) be the second derivative of -b**4/12 - 3*b**3/2 + 5*b**2 + 3*b. Does 3 divide i(-6)?
False
Let h = -22 - -12. Let t = h + 23. Is 13 a factor of t?
True
Let t = -19 - -1. Let u = -29 - t. Let m = 4 - u. Is m a multiple of 4?
False
Suppose 0 = 148*c - 143*c - 2865. Is c a multiple of 20?
False
Let m = 141 - 60. Let r = m + -61. Is r a multiple of 3?
False
Let p(h) = -h**2 + 2. Let f be p(2). Let k be f - -6 - 108/4. Let l = k - -31. Does 4 divide l?
True
Let g be 348/20 - ((-10)/(-25) + -1). Suppose 0 = l - g - 30. Is 4 a factor of l?
True
Let r(l) = -5*l**2 + 23*l - 14. Let p(q) = -14*q**2 + 68*q - 43. Let o(b) = -6*p(b) + 17*r(b). Does 9 divide o(-13)?
True
Suppose 0 = 4*k + 2*y + 26, -6*y = -3*k - y. Let p(f) = f**2 + 5*f + 3. Let a be p(k). Suppose -6 = 2*h - a*h. Is h a multiple of 3?
True
Let j(x) be the first derivative of -x**4/4 - x**3/3 - 3*x**2/2 - 3*x + 4. Let q be j(-2). Suppose -2*z + 18 = 2*n, 4*n = z - q - 2. Is z a multiple of 9?
True
Let q(y) = 5*y - y + 24 + 102 - 26. Does 20 divide q(0)?
True
Let c be 4/1*(-588)/24. Let i = c - -173. Is 25 a factor of i?
True
Suppose -3*l + y = -1, -l = y - 3 - 4. Suppose -l*m + 7*m = 245. Is 22 a factor of m?
False
Suppose -10*t = t + 66. Let c(l) = -6 + l + 8*l**2 + 2*l - 3*l**3 + 4*l**3. Is c(t) a multiple of 24?
True
Let i(x) be the first derivative of x**3 - x**2/2 + 6*x - 5. Suppose 12 = -5*q - 3. Is i(q) a multiple of 9?
True
Let z(p) = -p**2 - 18*p - 2. Suppose 56 = -9*u + 2*u. Does 26 divide z(u)?
True
Suppose t = -2*d + 1526, 0 = -8*t + 3*t - d + 7603. Is t a multiple of 13?
False
Let w = 129 + -125. Is 41 a factor of 2/24*w*369?
True
Suppose -3*x - 42 = k - 6, 5*k + x = -208. Let j = -470 + 452. Let h = j - k. Is 6 a factor of h?
True
Suppose 63 = 5*p + 3*c, -4 + 35 = 3*p - 5*c. Suppose -9*g - 255 = -p*g. Let l = g + -39. Is l a multiple of 36?
False
Suppose 21*a - 1016 - 769 = 0. Is a a multiple of 5?
True
Suppose 1240 = w - 4*c + 184, 4266 = 4*w + 5*c. Suppose 168 = 7*o - w. Does 44 divide o?
True
Let g = 670 + -640. Does 4 divide g?
False
Suppose 47*w - 4*f = 49*w - 722, 0 = -w - f + 361. Is w a multiple of 19?
True
Suppose 3*z + 3*v - 38 = -158, 0 = 2*z - 5*v + 80. Let o = z + 126. Suppose 3*f + 5*d - o = 0, 4*f + 32 = d + 116. Is 10 a factor of f?
False
Suppose x = 7 + 54. Let w be (-6 + 19/4)/(1/20). Let a = w + x. Is a a multiple of 12?
True
Suppose -5*h - 87 = 13. Let l = -17 + h. Let u = l + 61. Is u a multiple of 24?
True
Let t = 360 + -608. Let w = t - -400. Is 19 a factor of w?
True
Suppose 5*y - n - 68 = 0, 5*y + 2*n = n + 72. Suppose y*s = 10*s + 376. Does 19 divide s?
False
Let t = -178 - -171. Let u(i) = 2*i - i**3 - 5*i**2 + 4*i - 5 + 0*i**2. Is 17 a factor of u(t)?
True
Suppose 16*z = -10*z + 12376. Does 34 divide z?
True
Let h(o) = 4*o + 4. Let g(z) = 5*z + 5. Let j(n) = 3*g(n) - 4*h(n). Suppose -4*t = 39 + 1. Is j(t) a multiple of 2?
False
Suppose -h - h = z - 147, -5*z + 759 = 4*h. Is 19 a factor of z?
False
Suppose -11 = 2*w - 21. Let p = w - 0. Is p a multiple of 5?
True
Let d(f) = -f + 18. Let h be d(-4). Suppose -604 - 628 = -h*v. Is 4 a factor of v?
True
Suppose -2*q + 